{"id":47,"date":"2023-01-23T11:41:09","date_gmt":"2023-01-23T16:41:09","guid":{"rendered":"https:\/\/distributionsmkh.com\/?page_id=47"},"modified":"2023-01-23T11:41:10","modified_gmt":"2023-01-23T16:41:10","slug":"a-propos","status":"publish","type":"page","link":"https:\/\/distributionsmkh.com\/index.php\/a-propos\/","title":{"rendered":"A propos"},"content":{"rendered":"\n<p>En 2020, l\u2019entreprise est reprise par Mme Marie-\u00c8ve Bertrand, qui a chang\u00e9 sa vocation pour aller vers le domaine m\u00e9dical.<\/p>\n\n\n\n<p>Tout d\u2019abord elle est maman et famille d\u2019accueil pour un total de 5 enfants. Elle est \u00e9galement impliqu\u00e9e dans divers associations soit dans le conseil d\u2019administration (C.A.) d\u2019un OBNL, celui de la garderie des enfants aussi et pour diverses de l\u2019\u00e9cole. &nbsp;Comme on peut le comprendre, dans sa vie au quotidien, Marie-\u00c8ve a le c\u0153ur sur la main pour venir en aide \u00e0 son prochain. Pour ces raisons, le domaine m\u00e9dical \u00e9tait primordial pour elle. C\u2019est ainsi que les activit\u00e9s de Distributions MKH ont vu le jour dans la vente de mat\u00e9riel m\u00e9dical, EPI, d\u00e9fibrillateur, etc\u2026<\/p>\n\n\n\n<p>Depuis sa cr\u00e9ation, Distributions MKH connait une bonne croissance de ses activit\u00e9s puisque celle-ci est m\u00e9ticuleuse et attentive au besoin de client\u00e8le.<\/p>\n\n\n\n<p>L\u2019entreprise est jeune, dynamique et innovatrice dans son secteur d\u2019activit\u00e9. Nous sommes constamment \u00e0 l\u2019\u00e9coute des besoins pr\u00e9cis de chacun de nos clients. Pour Distributions MKH, l\u2019empathie est grandement plus importante que le profit.<\/p>\n\n\n\n<p>Pour ces raisons, la complicit\u00e9 avec chacun de nos partenaires d\u2019affaires est vigoureuse.<\/p>\n\n\n\n<p><\/p>\n","protected":false},"excerpt":{"rendered":"<p>En 2020, l\u2019entreprise est reprise par Mme Marie-\u00c8ve Bertrand, qui a chang\u00e9 sa vocation pour aller vers le domaine m\u00e9dical. Tout d\u2019abord elle est maman et famille d\u2019accueil pour un total de 5 enfants. Elle est \u00e9galement impliqu\u00e9e dans divers associations soit dans le conseil d\u2019administration (C.A.) d\u2019un OBNL, celui de la garderie des enfants [&hellip;]<\/p>\n","protected":false},"author":3,"featured_media":0,"parent":0,"menu_order":0,"comment_status":"closed","ping_status":"closed","template":"","meta":{"_acf_changed":false,"footnotes":""},"class_list":["post-47","page","type-page","status-publish","hentry"],"acf":[],"_links":{"self":[{"href":"https:\/\/distributionsmkh.com\/index.php\/wp-json\/wp\/v2\/pages\/47","targetHints":{"allow":["GET"]}}],"collection":[{"href":"https:\/\/distributionsmkh.com\/index.php\/wp-json\/wp\/v2\/pages"}],"about":[{"href":"https:\/\/distributionsmkh.com\/index.php\/wp-json\/wp\/v2\/types\/page"}],"author":[{"embeddable":true,"href":"https:\/\/distributionsmkh.com\/index.php\/wp-json\/wp\/v2\/users\/3"}],"replies":[{"embeddable":true,"href":"https:\/\/distributionsmkh.com\/index.php\/wp-json\/wp\/v2\/comments?post=47"}],"version-history":[{"count":1,"href":"https:\/\/distributionsmkh.com\/index.php\/wp-json\/wp\/v2\/pages\/47\/revisions"}],"predecessor-version":[{"id":49,"href":"https:\/\/distributionsmkh.com\/index.php\/wp-json\/wp\/v2\/pages\/47\/revisions\/49"}],"wp:attachment":[{"href":"https:\/\/distributionsmkh.com\/index.php\/wp-json\/wp\/v2\/media?parent=47"}],"curies":[{"name":"wp","href":"https:\/\/api.w.org\/{rel}","templated":true}]}}