{"id":61,"date":"2023-01-23T11:54:24","date_gmt":"2023-01-23T16:54:24","guid":{"rendered":"https:\/\/distributionsmkh.com\/?page_id=61"},"modified":"2023-02-26T15:43:13","modified_gmt":"2023-02-26T20:43:13","slug":"goupilles","status":"publish","type":"page","link":"https:\/\/distributionsmkh.com\/index.php\/goupilles\/","title":{"rendered":"Goupilles"},"content":{"rendered":"<section class=\"wpb-content-wrapper\"><p>[vc_row][vc_column][vc_single_image image=\u00a0\u00bb62&Prime; img_size=\u00a0\u00bbmedium\u00a0\u00bb alignment=\u00a0\u00bbcenter\u00a0\u00bb onclick=\u00a0\u00bblink_image\u00a0\u00bb][\/vc_column][\/vc_row][vc_row][vc_column][vc_column_text]<\/p>\n<h4>L\u2019entreprise Distributions MKH amasse les goupilles afin de venir en aide \u00e0 un ami de la famille ayant v\u00e9cu un malheur il y a maintenant un peu plus de 2 ans.<\/h4>\n<p>[\/vc_column_text][\/vc_column][\/vc_row][vc_row][vc_column][vc_column_text]<\/p>\n<h4>Par une belle journ\u00e9e, 17 septembre 2020 pour faire rouler sa moto qui n\u2019a presque pas sorti de l\u2019\u00e9t\u00e9, il va au travail avec celle-ci. Il r\u00e9cup\u00e8re son diner au restaurant avant de commencer son horaire de travail qui est de soir. Il est \u00e0 environ 1.7 km de son travail \u00e0 la lumi\u00e8re rouge sur Saint-Elzear \u00e0 Laval, en attendant que celle-ci passe au vert. Il est environ le 4-5e v\u00e9hicules en file.<\/h4>\n<p>[\/vc_column_text][\/vc_column][\/vc_row][vc_row][vc_column][vc_column_text]<\/p>\n<h4>Sa lumi\u00e8re tombe verte, il suit le mouvement \u00e0 environ 30-35km\/h. Une femme en direction oppos\u00e9e tourne \u00e0 gauche sur Boul. Cur\u00e9 Labelle fon\u00e7ant directement sur lui en le trainant sur plusieurs m\u00e8tres.<\/h4>\n<p>[\/vc_column_text][\/vc_column][\/vc_row][vc_row][vc_column][vc_column_text]<\/p>\n<h4>Il a \u00e9t\u00e9 r\u00e9anim\u00e9 par les premiers r\u00e9pondants sur les lieux de l\u2019accident. Il a pass\u00e9 ce qui semble \u00eatre une \u00e9ternit\u00e9 en milieu hospitalier \/ chsld etc\u2026 Il est pass\u00e9 par une multitude d\u2019op\u00e9rations sur son corps.<\/h4>\n<p>[\/vc_column_text][\/vc_column][\/vc_row][vc_row][vc_column][vc_column_text]<\/p>\n<h4>R\u00e9sultat\u00a0:<\/h4>\n<h4>Il est maintenant parapl\u00e9gique au d\u00e9but de la quarantaine. Il travail tr\u00e8s fort pour rester la t\u00eate haute et d\u00e9sire plus que tout de remarcher un jour.<\/h4>\n<h4>Pour ce faire, il a besoin d\u2019un exosquelette qui co\u00fbte tr\u00e8s cher.<\/h4>\n<p>[\/vc_column_text][\/vc_column][\/vc_row][vc_row][vc_column][vc_column_text]<\/p>\n<h4 class=\"has-medium-font-size\">Les goupilles lui serviront pour cet achat.<\/h4>\n<h4 class=\"has-medium-font-size\">Vous pouvez \u00e9galement faire un don mon\u00e9taire si vous \u00eatre \u00e0 l\u2019aise sur \u00e7a page<\/h4>\n<p>[\/vc_column_text][\/vc_column][\/vc_row][vc_row content_placement=\u00a0\u00bbmiddle\u00a0\u00bb][vc_column width=\u00a0\u00bb1\/3&Prime;][vc_column_text]<\/p>\n<h3 style=\"text-align: right;\"><strong>Aid\u00e9 le &#8212;&#8212;&#8212;&gt;<\/strong><\/h3>\n<p>[\/vc_column_text][\/vc_column][vc_column width=\u00a0\u00bb1\/3&Prime;][vc_btn title=\u00a0\u00bbGo Fund Me\u00a0\u00bb color=\u00a0\u00bbgreen\u00a0\u00bb size=\u00a0\u00bblg\u00a0\u00bb align=\u00a0\u00bbcenter\u00a0\u00bb button_block=\u00a0\u00bbtrue\u00a0\u00bb link=\u00a0\u00bburl:https%3A%2F%2Fgofund.me%2Fb797f4b2|title:Go%20Fund%20ME|target:_blank\u00a0\u00bb][\/vc_column][vc_column width=\u00a0\u00bb1\/3&Prime;][vc_column_text]<\/p>\n<h3 style=\"text-align: left;\"><strong>&lt;&#8212;&#8212;&#8212; <\/strong><strong>Aid\u00e9 le<\/strong><\/h3>\n<p>[\/vc_column_text][\/vc_column][\/vc_row][vc_row][vc_column][vc_column_text]<\/p>\n<h4>Nous avons un bac poster pr\u00e8s de la porte d\u2019entr\u00e9e pour que vous puissiez les d\u00e9poser.<\/h4>\n<h4>Vous pouvez \u00e9galement les apporter au Bolides du Nord, les vendredi soir d\u2019\u00e9t\u00e9 \u00e0 compter de 18\u00a0:00 jusqu\u2019\u00e0 21\u00a0:00 au coin du Boul. Cur\u00e9-Labelle et Dagenais.<\/h4>\n<p>[\/vc_column_text][\/vc_column][\/vc_row]<\/p>\n<\/section>","protected":false},"excerpt":{"rendered":"<p>[vc_row][vc_column][vc_single_image image=\u00a0\u00bb62&Prime; img_size=\u00a0\u00bbmedium\u00a0\u00bb alignment=\u00a0\u00bbcenter\u00a0\u00bb onclick=\u00a0\u00bblink_image\u00a0\u00bb][\/vc_column][\/vc_row][vc_row][vc_column][vc_column_text] L\u2019entreprise Distributions MKH amasse les goupilles afin de venir en aide \u00e0 un ami de la famille ayant v\u00e9cu un malheur il y a maintenant un peu plus de 2 ans. [\/vc_column_text][\/vc_column][\/vc_row][vc_row][vc_column][vc_column_text] Par une belle journ\u00e9e, 17 septembre 2020 pour faire rouler sa moto qui n\u2019a presque pas sorti de [&hellip;]<\/p>\n","protected":false},"author":3,"featured_media":0,"parent":0,"menu_order":0,"comment_status":"closed","ping_status":"closed","template":"","meta":{"_acf_changed":false,"footnotes":""},"class_list":["post-61","page","type-page","status-publish","hentry"],"acf":[],"_links":{"self":[{"href":"https:\/\/distributionsmkh.com\/index.php\/wp-json\/wp\/v2\/pages\/61","targetHints":{"allow":["GET"]}}],"collection":[{"href":"https:\/\/distributionsmkh.com\/index.php\/wp-json\/wp\/v2\/pages"}],"about":[{"href":"https:\/\/distributionsmkh.com\/index.php\/wp-json\/wp\/v2\/types\/page"}],"author":[{"embeddable":true,"href":"https:\/\/distributionsmkh.com\/index.php\/wp-json\/wp\/v2\/users\/3"}],"replies":[{"embeddable":true,"href":"https:\/\/distributionsmkh.com\/index.php\/wp-json\/wp\/v2\/comments?post=61"}],"version-history":[{"count":11,"href":"https:\/\/distributionsmkh.com\/index.php\/wp-json\/wp\/v2\/pages\/61\/revisions"}],"predecessor-version":[{"id":292,"href":"https:\/\/distributionsmkh.com\/index.php\/wp-json\/wp\/v2\/pages\/61\/revisions\/292"}],"wp:attachment":[{"href":"https:\/\/distributionsmkh.com\/index.php\/wp-json\/wp\/v2\/media?parent=61"}],"curies":[{"name":"wp","href":"https:\/\/api.w.org\/{rel}","templated":true}]}}